ivide 3605580?
False
Is 30647603 a multiple of 1866?
False
Does 2 divide 2056007?
False
Is 250653389 a multiple of 2611?
True
Is 10 a factor of 135567400?
True
Does 56 divide 119826000?
True
Does 393 divide 245894069?
False
Is 298237003 a multiple of 682?
False
Does 3783 divide 6340308?
True
Is 3931823727 a multiple of 13?
True
Does 162 divide 442143036?
True
Does 1894 divide 2483208707?
False
Is 27876920 a multiple of 1256?
True
Is 46 a factor of 14399545?
False
Does 13 divide 6267851?
False
Does 62 divide 80276112?
True
Is 291 a factor of 596897454?
True
Is 51 a factor of 162513366?
False
Is 27670214 a multiple of 286?
True
Is 206317696 a multiple of 13?
True
Is 19 a factor of 40710977?
True
Is 43 a factor of 252087691?
False
Is 5 a factor of 17257840?
True
Does 57 divide 11664879?
True
Does 211 divide 80962388?
True
Is 570865329 a multiple of 3704?
False
Is 80341893 a multiple of 26?
False
Is 1372 a factor of 31636735?
False
Is 2535740 a multiple of 10?
True
Is 895385326 a multiple of 226?
False
Is 12169315 a multiple of 138?
False
Is 996583400 a multiple of 4?
True
Does 173 divide 34281507?
True
Is 3735314 a multiple of 682?
True
Is 6030945 a multiple of 3?
True
Does 2 divide 610900?
True
Is 52 a factor of 32771934?
False
Is 1749340 a multiple of 4?
True
Does 362 divide 81026059?
False
Is 119652519 a multiple of 1851?
False
Is 2660565255 a multiple of 699?
True
Is 199670525 a multiple of 19?
True
Does 15 divide 2033952540?
True
Is 233 a factor of 18243667?
True
Is 134334437 a multiple of 9?
False
Does 7 divide 253142960?
True
Is 2703221 a multiple of 33?
False
Is 29221370 a multiple of 1756?
False
Is 135605296 a multiple of 157?
True
Does 18 divide 45740502?
True
Is 156 a factor of 604681833?
False
Is 19019199 a multiple of 860?
False
Does 570 divide 23402896?
False
Does 40 divide 5027677?
False
Is 21 a factor of 673348053?
True
Is 22182914 a multiple of 6?
False
Does 7 divide 15785420?
True
Is 616 a factor of 919765616?
True
Does 38 divide 23484331?
False
Does 301 divide 94689483?
True
Is 206552 even?
True
Does 270 divide 896907600?
True
Is 151 a factor of 642004508?
False
Is 1400770892 a multiple of 26?
False
Is 2518084029 a multiple of 7766?
False
Does 2305 divide 130663535?
True
Is 28 a factor of 192231088?
True
Is 2679650275 a multiple of 475?
True
Is 3390585 a multiple of 33?
True
Is 11 a factor of 34943942?
True
Is 58 a factor of 781153106?
True
Is 40041164 a multiple of 619?
False
Is 23 a factor of 32708093?
True
Is 280683450 a multiple of 25?
True
Does 523 divide 911068699?
False
Is 23900196 a multiple of 395?
False
Does 1576 divide 35171883?
False
Is 1992931655 a multiple of 9295?
True
Does 2566 divide 395015020?
False
Is 6 a factor of 24108456?
True
Is 174359836 a multiple of 148?
True
Does 10 divide 12350087?
False
Is 36021952 a multiple of 1488?
False
Is 984213250 a multiple of 25?
True
Is 2197931850 a multiple of 2286?
True
Does 26 divide 56195532?
False
Is 516981269 a multiple of 2456?
False
Is 2645444 even?
True
Is 119 a factor of 1140764821?
True
Is 118 a factor of 166318078?
False
Does 109 divide 3212695430?
True
Does 81 divide 22411404?
True
Does 156 divide 37383840?
True
Is 1059 a factor of 54540501?
False
Does 10 divide 147250780?
True
Is 63723496 a multiple of 16?
False
Is 4779536 a multiple of 4?
True
Does 4 divide 23388382?
False
Is 33 a factor of 515422314?
True
Is 42323612 a multiple of 94?
False
Is 396146 a multiple of 33?
False
Does 46 divide 2997038?
True
Does 7 divide 169862056?
True
Is 1993 a factor of 162238172?
True
Is 86 a factor of 6596012?
False
Is 167 a factor of 2033996207?
False
Is 217 a factor of 673767351?
False
Is 47191141 a multiple of 402?
False
Does 10 divide 329024920?
True
Is 50 a factor of 727363738?
False
Is 18 a factor of 111734190?
True
Does 5 divide 734520746?
False
Does 32 divide 832960?
True
Does 13 divide 13857883?
True
Is 598501200 a multiple of 12?
True
Does 15 divide 46451970?
True
Is 7755264 a multiple of 1782?
True
Is 75136621 a multiple of 1089?
False
Is 167 a factor of 229268484?
False
Is 309083220 a multiple of 45?
True
Is 226408944 a multiple of 158?
True
Is 166 a factor of 1039714?
False
Does 6 divide 440592774?
True
Is 459641777 a multiple of 3407?
True
Does 37 divide 2826136?
False
Is 20 a factor of 186552208?
False
Does 639 divide 31364037?
True
Is 2501 a factor of 160779286?
True
Is 20 a factor of 22982840?
True
Does 774 divide 5910954?
False
Does 10 divide 23576890?
True
Is 33060104 a multiple of 616?
True
Does 9 divide 28130622?
False
Is 15 a factor of 59762325?
True
Is 307620027 a multiple of 143?
True
Is 16246664 even?
True
Is 15 a factor of 1010457332?
False
Is 304 a factor of 26379489?
False
Is 10152630 a multiple of 6?
True
Is 95319904 a multiple of 4?
True
Does 3 divide 19529095?
False
Does 89 divide 112838917?
True
Is 70 a factor of 330984409?
False
Is 46 a factor of 270970682?
True
Is 17259088 a multiple of 377?
False
Is 24 a factor of 327685028?
False
Does 560 divide 121542400?
True
Is 1045 a factor of 184412513?
False
Is 304 a factor of 5964072?
False
Is 11 a factor of 426509923?
False
Does 181 divide 5776276?
False
Does 554 divide 296190560?
True
Does 134 divide 26997114?
True
Is 13 a factor of 40025594?
False
Is 7082960 a multiple of 172?
True
Is 1279718 a multiple of 407?
False
Does 195 divide 149204392?
False
Is 18086144 a multiple of 53?
True
Is 118442556 a multiple of 30?
False
Does 3 divide 31656945?
True
Is 47 a factor of 158559153?
True
Is 85 a factor of 52857424?
False
Does 6 divide 232022050?
False
Is 127205774 a multiple of 73?
False
Is 105426132 a multiple of 84?
True
Is 300605515 a multiple of 805?
True
Does 44 divide 185635032?
True
Is 1091301948 a multiple of 4?
True
Is 87994541 a multiple of 16?
False
Is 482 a factor of 1315874771?
False
Does 528 divide 28230048?
True
Does 102 divide 45148362?
True
Is 89280995 a multiple of 3938?
False
Is 854207616 a multiple of 122?
False
Is 181 a factor of 2445555436?
True
Is 249 a factor of 52096035?
False
Is 69375696 a multiple of 73?
True
Does 1929 divide 14455926?
True
Does 382 divide 51723946?
True
Is 2198897792 a multiple of 52?
True
Is 85815701 a multiple of 355?
False
Does 1436 divide 629306896?
True
Is 2939 a factor of 38436560?
False
Is 490 a factor of 1975336664?
False
Does 12 divide 169403?
False
Is 11403 a factor of 1522436721?
False
Does 444 divide 60239256?
True
Does 185 divide 796980?
True
Is 24 a factor of 1037007?
False
Does 6 divide 401983299?
False
Is 16963 a factor of 3564078967?
True
Does 14 divide 96654404?
True
Is 1788250854 a multiple of 375?
False
Is 48 a factor of 10496698?
False
Is 1230 a factor of 94913080?
False
Is 5226 a factor of 363706446?
False
Is 1519553804 a multiple of 234?
False
Is 284 a factor of 5810713?
False
Is 10 a factor of 460628358?
False
Does 1972 divide 3105040208?
True
Is 979 a factor of 348316452?
True
Is 41 a factor of 3690820?
True
Is 26210825 a multiple of 23?
False
Does 676 divide 2893577440?
True
Does 5 divide 17099735?
True
Is 669347 a multiple of 59?
False
Does 47 divide 18491099?
False
Is 175999713 a multiple of 552?
False
Is 189996110 a multiple of 8?
False
Is 22 a factor of 215670?
False
Is 69143802 a multiple of 1235?
False
Is 4 a factor of 15814572?
True
Is 329 a factor of 313748218?
True
Does 23 divide 1354156142?
True
Does 35 divide 26475183?
False
Is 11 a factor of 235294?
False
Is 31 a factor of 1119110637?
False
Is 469710984 a multiple of 3971?
False
Does 128 divide 59590091?
False
Is 262890843 a multiple of 177?
True
Is 2961 a factor of 334643337?
True
Is 96 a factor of 27290266?
False
Is 98104440 a multiple of 40?
True
Is 16962687 a multiple of 2109?
True
Is 1294142096 a multiple of 44?
False
Does 27 divide 779752548?
True
Is 734378367 a multiple of 15?
False
Is 121394048 a multiple of 16?
True
Is 519593723 a multiple of 1315?
False
Is 36778490 a multiple of 1330?
True
Is 4495392 a multiple of 24?
True
Is 2212753509 a multiple of 13508?
False
Is 1894908 a multiple of 19?
True
Is 1270535608 a multiple of 4166?
False
Does 1138 divide 1051053386?
True
Is 73492334 a multiple of 2905?
False
Is 8 a factor of 23482656?
True
Is 60669536 a multiple of 829?
True
Is 44712848 a multiple of 16?
True
Is 10 a factor of 80385100?
True
Is 17 a factor o